se 4
110221002230
Convert 22534 (base 11) to base 16.
7f4a
What is 5137104 (base 8) in base 13?
3879c5
-a8ba1 (base 12) to base 9
-368664
b026e (base 16) to base 9
1318656
Convert 340312000 (base 5) to base 7.
15463336
-16020 (base 14) to base 11
-38287
What is 3444234 (base 5) in base 16?
f3ec
-82253 (base 9) to base 6
-1054420
What is -9eff3c (base 16) in base 9?
-21541528
What is 12652310 (base 7) in base 11?
730a35
-103813 (base 11) to base 10
-166026
-2283567 (base 11) to base 13
-a979b1
What is -2302230300 (base 4) in base 8?
-2625460
-3816741 (base 9) to base 4
-13323120232
What is 10113221213 (base 4) in base 6?
40314555
Convert -1320945 (base 10) to base 16.
-1427f1
1113313 (base 4) to base 12
3307
-23770450 (base 8) to base 10
-5239080
Convert -166815 (base 12) to base 6.
-12125225
Convert 3686514 (base 9) to base 2.
111101001101110001001
Convert 4044304 (base 9) to base 6.
114105351
What is 102640232 (base 7) in base 13?
135c4a3
Convert 110110110011100100000 (base 2) to base 10.
1795872
-208027 (base 11) to base 2
-1010001001111101011
113122133023 (base 4) to base 2
10111011010011111001011
177033 (base 12) to base 3
202122002110
Convert -62841 (base 10) to base 16.
-f579
-1101001100110111001 (base 2) to base 5
-102320234
-ed38 (base 15) to base 16
-c434
What is 14423523 (base 6) in base 12?
201ba3
What is 11010000000010101 (base 2) in base 5?
11402032
What is -579685 (base 15) in base 7?
-50361425
What is 12520211 (base 8) in base 5?
1203343414
Convert -12201312303 (base 4) to base 7.
-20355624
7aa067 (base 13) to base 6
142145004
-21111222001 (base 3) to base 4
-210013321
What is 15330010 (base 6) in base 16?
83f16
-213113053 (base 6) to base 3
-21010111101020
What is -11100001110101011 (base 2) in base 9?
-185544
Convert 414340001 (base 5) to base 14.
329001
Convert 1001011 (base 2) to base 11.
69
What is -4d4c (base 16) in base 6?
-231340
What is -3441020 (base 6) in base 10?
-176484
What is -166ee (base 16) in base 2?
-10110011011101110
-3342312130 (base 5) to base 6
-422143054
Convert -21a4841 (base 11) to base 12.
-1360020
What is -20cc5 (base 15) in base 8?
-313307
What is -1100110110111000 (base 2) in base 9?
-80215
What is 11530442 (base 7) in base 4?
3330013100
-340212 (base 7) to base 6
-1142220
149a61 (base 11) to base 3
102211102212
Convert -135523515 (base 7) to base 3.
-121202212102200
-4955 (base 15) to base 3
-210101222
What is 11032102013 (base 4) in base 6?
45202555
Convert -264478 (base 11) to base 14.
-ab78d
2896036 (base 10) to base 8
13030244
What is 68ab7 (base 12) in base 15?
2b664
What is 99d (base 15) in base 13?
cb2
22625016 (base 7) to base 16
1e5c7c
131783 (base 12) to base 14
82559
13130058 (base 10) to base 11
7458897
Convert 333460 (base 7) to base 12.
2a0b7
What is -110330133 (base 4) in base 13?
-30084
What is 105435 (base 6) in base 4?
2030333
What is 1010101110010010110 (base 2) in base 6?
11310434
-34606a (base 13) to base 9
-2301775
Convert -255015250 (base 6) to base 2.
-10011000011011001101110
-1221041 (base 6) to base 16
-fe11
What is 61e2ad (base 16) in base 15?
86ab31
What is -2316375 (base 9) in base 6?
-42452535
What is 9e14e (base 15) in base 3?
221120020002
What is -31301321 (base 4) in base 3?
-2212102102
Convert -100212011220 (base 3) to base 5.
-22202141
What is 63577 (base 9) in base 10?
42028
111650 (base 8) to base 15
b300
-32531610 (base 8) to base 5
-3242232101
What is 8588007 (base 9) in base 15?
60e71a
657126a (base 11) to base 10
11538757
347a1 (base 15) to base 2
101000110010111101
Convert -210212114 (base 5) to base 13.
-244556
-1089983 (base 10) to base 4
-10022012333
3552741 (base 8) to base 16
ed5e1
What is 1101110110111101 (base 2) in base 13?
1cab7
7c81 (base 16) to base 3
1121201111
What is -11110000111001111010 (base 2) in base 8?
-3607172
What is 32a238 (base 13) in base 4?
10203112030
What is 12132212 (base 4) in base 7?
140234
-7a470a (base 11) to base 13
-35a787
-31112 (base 14) to base 16
-1cdbc
What is 73bbb9 (base 12) in base 16?
1bd7fd
53a53 (base 14) to base 5
22433340
Convert 288e66 (base 16) to base 5.
1140023034
102102010212020 (base 3) to base 8
27106032
Convert 306711 (base 8) to base 7.
602614
What is -28240145 (base 9) in base 2?
-110101010000101011001010
Convert 89766 (base 15) to base 14.
b53b8
What is -44547413 (base 8) in base 13?
-1cbb36b
What is -110110000100001011 (base 2) in base 14?
-5a9bd
46588 (base 11) to base 2
10000011010110011
What is -21806b (base 13) in base 2?
-11000000100101001100
Convert -275dba (base 14) to base 7.
-14365623
Convert -28a6898 (base 11) to base 5.
-2234041001
What is 11a776 (base 11) in base 15?
3b422
What is ca424 (base 13) in base 5?
43143113
Convert -101011011100110101101 (base 2) to base 11.
-892794
7704 (base 15) to base 4
12021310
Convert -167780 (base 10) to base 14.
-45204
Convert 1a28416 (base 12) to base 16.
546252
-b55479 (base 12) to base 15
-3b4746
Convert 3144443124 (base 5) to base 16.
65531e
What is 1130122 (base 4) in base 11?
4497
-2203503 (base 13) to base 9
-21516103
Convert -8447741 (base 9) to base 4.
-101033123323
What is -145231 (base 12) in base 13?
-bc12b
What is -22031441 (base 5) in base 15?
-3b2b6
What is 498a17 (base 14) in base 7?
30266530
Convert -14348 (base 10) to base 2.
-11100000001100
Convert -22763528 (base 9) to base 4.
-222102011303
-100011011000100000011 (base 2) to base 3
-2011220102202
What is 668937 (base 14) in base 16?
351e75
-7543 (base 10) to base 11
-5738
4b3db9 (base 14) to base 7
30653622
What is 11a309 (base 11) in base 7?
1416053
7218693 (base 10) to base 3
111120202012000
Convert 1010011100111110110001 (base 2) to base 10.
2740145
Convert 33b7 (base 14) to base 3.
110022122
Convert 26007207 (base 8) to base 3.
101212012011120
2201477 (base 9) to base 12
490107
What is -9a396 (base 11) in base 10?
-145547
Convert 1040144033 (base 5) to base 3.
11021102021120
What is -10075132 (base 8) in base 7?
-24043315
30201 (base 8) to base 4
3002001
Convert 136363 (base 7) to base 12.
13244
-1241980 (base 12) to base 15
-4a7a5c
-3d96b (base 15) to base 11
-125738
What is 66c31 (base 14) in base 8?
747013
What is 12551503 (base 7) in base 4?
10122012100
What is -168788d (base 14) in base 4?
-222102032211
-11311000412 (base 5) to base 3
-220102200100202
What is -1001320011301 (base 4) in base 5?
-13410102410
Convert 1b0562 (base 13) to base 7.
5556064
Convert -211203211 (base 4) to base 16.
-258e5
What is -42731 (base 13) in base 12?
-59445
Convert -116036155 (base 7) to base 12.
-2542744
What is 4a19218 (base 12) in base 13?
2cc7968
-1223ab (base 15) to base 6
-30335255
100323501 (base 6) to base 2
110100000100101111101
Convert -10203030322 (base 4) to base 12.
-49630a
-212011222111 (base 3) to base 12
-1a0104
-3822005 (base 11) to base 2
-11001010011111000100000
bb708 (base 13) to base 4
1102321021
100001001011100010000000 (base 2) to base 3
121100220101120
121111201211 (base 3) to base 5
40344230
Convert -183731 (base 10) to base 11.
-116049
Convert -11005221 (base 6) to base 9.
-548534
-112014355 (base 7) to base 6
-402201134
Convert -12121211012222 (base 3) to base 15.
-3e0672
What is -1465609 (base 10) in base 16?
-165d09
Convert 15565126 (base 7) to base 2.
101110001001001001101
-130987 (base 12) to base 11
-1a3816
Convert 214d31 (base 15) to base 6.
53553514
Convert -21501010 (base 6) to base 7.
-5326206
What is -2126923 (base 10) in base 11?
-1222a97
2b33c4 (base 16) to base 14
539b5a
45341354 (base 6) to base 3
2121012121021
58577 (base 14) to base 10
215117
What is -40206 (base 11) in base 2?
-1110010110111100
2b7b789 (base 12) to base 15
ba46b3
Convert -45045102 (base 6) to base 15.
-1bcb6b
Convert -65348 (base 13) to base 2.
-101100101010000110
Convert 76871 (base 15) to base 5.
44022111
Convert 2273a3 (base 11) to base 10.
361177
Convert -3093a92 (base 13) to base 16.
-e10114
f952 (base 16) to base 5
4020301
What is 12c816 (base 14) in base 12?
273818
What is 10200210110 (base 3) in base 6?
1320450
Convert -8d3622 (base 14) to base 15.
-650928
Convert -850e92 (base 15) to base 12.
-2154018
Convert -42415500 (base 6) to base 9.
-2310150
-1d7c2 (base 14) to base 4
-102131232
What is 60611 (base 10) in base 4?
32303003
-24330434 (base 5) to base 9
-380587
What 